{"id":47,"date":"2018-04-12T21:11:56","date_gmt":"2018-04-12T21:11:56","guid":{"rendered":"https:\/\/thinkdogcom.wordpress.com\/?page_id=47"},"modified":"2025-11-24T13:07:17","modified_gmt":"2025-11-24T12:07:17","slug":"qui-suis-je","status":"publish","type":"page","link":"https:\/\/think-dog.com\/index.php\/qui-suis-je\/","title":{"rendered":"Qui suis-je?"},"content":{"rendered":"<p><img loading=\"lazy\" decoding=\"async\" class=\"alignnone size-full wp-image-294 aligncenter\" src=\"https:\/\/think-dog.com\/wp-content\/uploads\/2019\/04\/sarex-bw.jpg\" alt=\"sarex-bw\" width=\"5966\" height=\"3214\" \/>Photo by <a href=\"https:\/\/whatthefur.fr\/\">What The Fur<\/a><\/p>\n<h2 style=\"text-align: justify;\">Pr\u00e9sentation<\/h2>\n<p style=\"text-align: justify;\">Bienvenue sur mon site <span style=\"color: #ff6600;\">Think dog<\/span>, moi c&rsquo;est Sara et voici Rex, mon compagnon \u00e0 quatre pattes! Passionn\u00e9e par les animaux depuis toujours, j&rsquo;ai commenc\u00e9 \u00e0 me former en comportement canin lorsque j&rsquo;ai adopt\u00e9 Rex en 2016.<br \/>Rex est un berger allemand crois\u00e9 malinois qui avait d\u00e9j\u00e0 trois ans lorsque je l&rsquo;ai accueilli. Agressif avec les humains et les chiens, peur de tout et tr\u00e8s chasseur, il m&rsquo;a directement confront\u00e9 \u00e0 la r\u00e9alit\u00e9 du terrain. Je me suis alors rendu compte que mes connaissances \u00e9taient trop limit\u00e9es pour aider mon chien qui \u00e9tait clairement mal dans sa peau.<\/p>\n<p style=\"text-align: justify;\">J&rsquo;ai donc suivi une formation avec Jo\u00ebl Dehasse, v\u00e9t\u00e9rinaire comportementaliste et une formation de Cynologiste (CynoPsy). Gr\u00e2ce \u00e0 cela, Rex a progress\u00e9 tr\u00e8s rapidement et je me suis prise de passion pour le m\u00e9tier de comportementaliste canin.<\/p>\n<p><img loading=\"lazy\" decoding=\"async\" class=\"alignnone size-full wp-image-297\" src=\"https:\/\/think-dog.com\/wp-content\/uploads\/2019\/04\/rex-bench-bw.jpg\" alt=\"Rex Bench B&amp;amp;W\" width=\"5213\" height=\"3465\" \/><\/p>\n<p style=\"text-align: justify;\">Aujourd&rsquo;hui, Rex est un chien bien dans ses pattes et \u00e0 l&rsquo;aise partout o\u00f9 nous allons. Il reste m\u00e9fiant avec les humains inconnus, mais nous continuons \u00e0 avancer ensemble chaque jour.<br \/>Doux, r\u00e9fl\u00e9chi et d&rsquo;une patience infinie il m&rsquo;offre d\u00e9sormais toute sa confiance et \u00e7a, \u00e7a n&rsquo;a pas de prix. Sans lui la vie serait bien plus ennuyeuse et les sourires qu&rsquo;il m&rsquo;apporte valent tous les efforts du monde !<\/p>\n<p style=\"text-align: justify;\">Comme je ne pouvais pas finir ma pr\u00e9sentation sans vous parler d&rsquo;un chien tr\u00e8s sp\u00e9ciale \u00e0 mes yeux, je vous pr\u00e9sente Rusty. Il a \u00e9t\u00e9 le commencement de tout\u00a0et surtout de ma grande passion pour les beagles. On ne pouvait pas faire plus gentil et affectueux. Il a profond\u00e9ment marqu\u00e9 ma vie d&rsquo;enfant et mon parcours professionnel.<\/p>\n<p style=\"text-align: justify;\">Notre premier chien gardera toujours cette place particuli\u00e8re dans notre coeur et lui garde cette place depuis plus de\u00a015 ans dans le mien.<\/p>\n<p><img loading=\"lazy\" decoding=\"async\" class=\"alignnone size-full wp-image-88\" src=\"https:\/\/thinkdogcom.files.wordpress.com\/2018\/04\/rusty-e1523883831735.jpg\" alt=\"Education positive\" width=\"1128\" height=\"768\" srcset=\"https:\/\/think-dog.com\/wp-content\/uploads\/2018\/04\/rusty-e1523883831735.jpg 1128w, https:\/\/think-dog.com\/wp-content\/uploads\/2018\/04\/rusty-e1523883831735-300x204.jpg 300w, https:\/\/think-dog.com\/wp-content\/uploads\/2018\/04\/rusty-e1523883831735-1024x697.jpg 1024w, https:\/\/think-dog.com\/wp-content\/uploads\/2018\/04\/rusty-e1523883831735-768x523.jpg 768w\" sizes=\"auto, (max-width: 767px) 89vw, (max-width: 1000px) 54vw, (max-width: 1071px) 543px, 580px\" \/><\/p>\n<h2>Mes formations<\/h2>\n<p>Les connaissances sur le comportement canin ne cesse d&rsquo;\u00e9voluer, c&rsquo;est pourquoi j&rsquo;accorde une importance particuli\u00e8res aux formations r\u00e9guli\u00e8res. Continuer \u00e0 me former me permet donc de rester \u00e0 jour dans mes connaissances et surtout de m&rsquo;adapter au mieux \u00e0 chaque chien que je rencontre.<\/p>\n<h3>2025 Classe de communication\u00a0<\/h3>\n<h3><img loading=\"lazy\" decoding=\"async\" class=\"alignnone size-medium wp-image-655\" src=\"https:\/\/think-dog.com\/wp-content\/uploads\/2025\/11\/IMG_5716-300x219.jpeg\" alt=\"\" width=\"300\" height=\"219\" srcset=\"https:\/\/think-dog.com\/wp-content\/uploads\/2025\/11\/IMG_5716-300x219.jpeg 300w, https:\/\/think-dog.com\/wp-content\/uploads\/2025\/11\/IMG_5716-1024x748.jpeg 1024w, https:\/\/think-dog.com\/wp-content\/uploads\/2025\/11\/IMG_5716-768x561.jpeg 768w, https:\/\/think-dog.com\/wp-content\/uploads\/2025\/11\/IMG_5716-1536x1121.jpeg 1536w, https:\/\/think-dog.com\/wp-content\/uploads\/2025\/11\/IMG_5716-2048x1495.jpeg 2048w\" sizes=\"auto, (max-width: 300px) 100vw, 300px\" \/><br \/>CynoPsy<\/h3>\n<p>Cette formation a \u00e9t\u00e9 la premi\u00e8re dans laquelle je me suis lanc\u00e9e. Elle m&rsquo;a permis d&rsquo;avoir un bagage th\u00e9orique sur le comportement canin et beaucoup d&rsquo;outil pour d\u00e9buter le travail. Cette formation aura dur\u00e9e 2 ans, durant lesquelles j&rsquo;ai travaill\u00e9 de nombreux chiens de particuliers et d&rsquo;associations o\u00f9 j&rsquo;\u00e9tais b\u00e9n\u00e9vole avec les connaissances qu&rsquo;elle m&rsquo;apportait.<\/p>\n<p><img loading=\"lazy\" decoding=\"async\" class=\"alignnone size-full wp-image-238\" src=\"https:\/\/thinkdogcom.files.wordpress.com\/2019\/01\/diplo\u0302me-cynologiste-sara-garcia-galan-2.jpg\" alt=\"diplo\u0302me-cynologiste-sara-garcia-galan 2\" width=\"1754\" height=\"1239\" srcset=\"https:\/\/think-dog.com\/wp-content\/uploads\/2019\/01\/diplo\u0302me-cynologiste-sara-garcia-galan-2.jpg 1754w, https:\/\/think-dog.com\/wp-content\/uploads\/2019\/01\/diplo\u0302me-cynologiste-sara-garcia-galan-2-300x212.jpg 300w, https:\/\/think-dog.com\/wp-content\/uploads\/2019\/01\/diplo\u0302me-cynologiste-sara-garcia-galan-2-1024x723.jpg 1024w, https:\/\/think-dog.com\/wp-content\/uploads\/2019\/01\/diplo\u0302me-cynologiste-sara-garcia-galan-2-768x543.jpg 768w, https:\/\/think-dog.com\/wp-content\/uploads\/2019\/01\/diplo\u0302me-cynologiste-sara-garcia-galan-2-1536x1085.jpg 1536w, https:\/\/think-dog.com\/wp-content\/uploads\/2019\/01\/diplo\u0302me-cynologiste-sara-garcia-galan-2-1568x1108.jpg 1568w\" sizes=\"auto, (max-width: 767px) 89vw, (max-width: 1000px) 54vw, (max-width: 1071px) 543px, 580px\" \/><\/p>\n<h3>\u00a0<\/h3>\n<h3>Jo\u00ebl Dehasse<\/h3>\n<p>Pour ceux qui ne le connaisse pas, Jo\u00ebl Dehasse est un v\u00e9t\u00e9rinaire comportementaliste exer\u00e7ant sur Bruxelles. Sa formation m&rsquo;a permise d&rsquo;approfondir mes connaissances sur le fonctionnement du chien sous un angle totalement diff\u00e9rent de ma formation CynoPsy. Elle m&rsquo;a aussi appris \u00e0 conna\u00eetre mes \u00ab\u00a0limites\u00a0\u00bb et \u00e0 savoir collaborer avec les v\u00e9t\u00e9rinaires pour traiter des cas plus complexe.<\/p>\n<p><img loading=\"lazy\" decoding=\"async\" class=\"alignnone size-full wp-image-240\" src=\"https:\/\/thinkdogcom.files.wordpress.com\/2019\/01\/garcia-galan-2017-02-17-joel-dehasse.jpg\" alt=\"garcia galan 2017-02-17 joel dehasse\" width=\"1240\" height=\"1754\" srcset=\"https:\/\/think-dog.com\/wp-content\/uploads\/2019\/01\/garcia-galan-2017-02-17-joel-dehasse.jpg 1240w, https:\/\/think-dog.com\/wp-content\/uploads\/2019\/01\/garcia-galan-2017-02-17-joel-dehasse-212x300.jpg 212w, https:\/\/think-dog.com\/wp-content\/uploads\/2019\/01\/garcia-galan-2017-02-17-joel-dehasse-724x1024.jpg 724w, https:\/\/think-dog.com\/wp-content\/uploads\/2019\/01\/garcia-galan-2017-02-17-joel-dehasse-768x1086.jpg 768w, https:\/\/think-dog.com\/wp-content\/uploads\/2019\/01\/garcia-galan-2017-02-17-joel-dehasse-1086x1536.jpg 1086w\" sizes=\"auto, (max-width: 767px) 89vw, (max-width: 1000px) 54vw, (max-width: 1071px) 543px, 580px\" \/><\/p>\n<h3>Dog Event 2017<\/h3>\n<p>Cet \u00e9v\u00e8nement \u00e9tait tr\u00e8s important pour moi, durant ces quatre jours de conf\u00e9rences j&rsquo;ai eu l&rsquo;immense chance de pouvoir rencontrer des \u00e9ducateurs canins que je suivais depuis plusieurs ann\u00e9es \u00e0 distance. La plupart am\u00e9ricain, avec des exp\u00e9riences uniques, une fa\u00e7on de travailler le chien dans la bienveillance absolue. Pas d&rsquo;intimidation, pas de stress que du plaisir ! Une exp\u00e9rience enrichissante et beaucoup d&rsquo;\u00e9motion. J&rsquo;ai pu y rencontrer notamment : Jean Lessard, Chirag Patel, Emily Larham, Jo-Rosie Haffenden &amp; Nando Brown, Nancy Tucker, Denise Fenzi, &#8230;<\/p>\n<p><img loading=\"lazy\" decoding=\"async\" class=\"alignnone size-full wp-image-242\" src=\"https:\/\/thinkdogcom.files.wordpress.com\/2019\/01\/sara-garcia-galan-dogevent-2017.jpg\" alt=\"sara garcia galan dogevent 2017\" width=\"1753\" height=\"1240\" srcset=\"https:\/\/think-dog.com\/wp-content\/uploads\/2019\/01\/sara-garcia-galan-dogevent-2017.jpg 1753w, https:\/\/think-dog.com\/wp-content\/uploads\/2019\/01\/sara-garcia-galan-dogevent-2017-300x212.jpg 300w, https:\/\/think-dog.com\/wp-content\/uploads\/2019\/01\/sara-garcia-galan-dogevent-2017-1024x724.jpg 1024w, https:\/\/think-dog.com\/wp-content\/uploads\/2019\/01\/sara-garcia-galan-dogevent-2017-768x543.jpg 768w, https:\/\/think-dog.com\/wp-content\/uploads\/2019\/01\/sara-garcia-galan-dogevent-2017-1536x1087.jpg 1536w, https:\/\/think-dog.com\/wp-content\/uploads\/2019\/01\/sara-garcia-galan-dogevent-2017-1568x1109.jpg 1568w\" sizes=\"auto, (max-width: 767px) 89vw, (max-width: 1000px) 54vw, (max-width: 1071px) 543px, 580px\" \/><\/p>\n<h3>Formation Chien r\u00e9actif cong\u00e9n\u00e8res et humain par Jeremy Serindat<\/h3>\n<p>La r\u00e9activit\u00e9 et l&rsquo;agressivit\u00e9 font partie de ma vie quotidienne avec Rex. Bien qu&rsquo;il soit aujourd&rsquo;hui beaucoup plus tranquille avec les humains et ses cong\u00e9n\u00e8res il reste un chien qui n&rsquo;aime pas les humains inconnus et qui est m\u00e9fiant lors d&rsquo;un contacte avec un nouveau cong\u00e9n\u00e8re. J&rsquo;aime approfondir mes connaissances et pousser le travail toujours plus loin avec lui pour qu&rsquo;il puisse \u00eatre bien dans toutes les situations qui se pr\u00e9sentent \u00e0 nous.<\/p>\n<p><img loading=\"lazy\" decoding=\"async\" class=\"alignnone size-full wp-image-296\" src=\"https:\/\/think-dog.com\/wp-content\/uploads\/2019\/04\/formation-rch.jpg\" alt=\"formation RCH\" width=\"960\" height=\"720\" srcset=\"https:\/\/think-dog.com\/wp-content\/uploads\/2019\/04\/formation-rch.jpg 960w, https:\/\/think-dog.com\/wp-content\/uploads\/2019\/04\/formation-rch-300x225.jpg 300w, https:\/\/think-dog.com\/wp-content\/uploads\/2019\/04\/formation-rch-768x576.jpg 768w\" sizes=\"auto, (max-width: 767px) 89vw, (max-width: 1000px) 54vw, (max-width: 1071px) 543px, 580px\" \/><\/p>\n\n\n<figure class=\"wp-block-image size-full is-resized is-style-default\"><img loading=\"lazy\" decoding=\"async\" width=\"500\" height=\"500\" src=\"https:\/\/think-dog.com\/wp-content\/uploads\/2024\/01\/certification-cynologiste.png\" alt=\"\" class=\"wp-image-592\" style=\"width:609px;height:auto\" srcset=\"https:\/\/think-dog.com\/wp-content\/uploads\/2024\/01\/certification-cynologiste.png 500w, https:\/\/think-dog.com\/wp-content\/uploads\/2024\/01\/certification-cynologiste-300x300.png 300w, https:\/\/think-dog.com\/wp-content\/uploads\/2024\/01\/certification-cynologiste-150x150.png 150w\" sizes=\"auto, (max-width: 500px) 100vw, 500px\" \/><\/figure>\n\n\n","protected":false},"excerpt":{"rendered":"<p>Photo by What The Fur Pr\u00e9sentation Bienvenue sur mon site Think dog, moi c&rsquo;est Sara et voici Rex, mon compagnon \u00e0 quatre pattes! Passionn\u00e9e par les animaux depuis toujours, j&rsquo;ai &hellip; <\/p>\n<p class=\"link-more\"><a href=\"https:\/\/think-dog.com\/index.php\/qui-suis-je\/\" class=\"more-link\">Continuer la lecture<span class=\"screen-reader-text\"> de &laquo;&nbsp;Qui suis-je?&nbsp;&raquo;<\/span><\/a><\/p>\n","protected":false},"author":1,"featured_media":0,"parent":0,"menu_order":0,"comment_status":"closed","ping_status":"closed","template":"","meta":{"footnotes":""},"class_list":["post-47","page","type-page","status-publish","hentry"],"_links":{"self":[{"href":"https:\/\/think-dog.com\/index.php\/wp-json\/wp\/v2\/pages\/47","targetHints":{"allow":["GET"]}}],"collection":[{"href":"https:\/\/think-dog.com\/index.php\/wp-json\/wp\/v2\/pages"}],"about":[{"href":"https:\/\/think-dog.com\/index.php\/wp-json\/wp\/v2\/types\/page"}],"author":[{"embeddable":true,"href":"https:\/\/think-dog.com\/index.php\/wp-json\/wp\/v2\/users\/1"}],"replies":[{"embeddable":true,"href":"https:\/\/think-dog.com\/index.php\/wp-json\/wp\/v2\/comments?post=47"}],"version-history":[{"count":3,"href":"https:\/\/think-dog.com\/index.php\/wp-json\/wp\/v2\/pages\/47\/revisions"}],"predecessor-version":[{"id":656,"href":"https:\/\/think-dog.com\/index.php\/wp-json\/wp\/v2\/pages\/47\/revisions\/656"}],"wp:attachment":[{"href":"https:\/\/think-dog.com\/index.php\/wp-json\/wp\/v2\/media?parent=47"}],"curies":[{"name":"wp","href":"https:\/\/api.w.org\/{rel}","templated":true}]}}